{"id":281,"date":"2018-06-24T23:53:04","date_gmt":"2018-06-24T21:53:04","guid":{"rendered":"http:\/\/ajguil.net\/ura\/?page_id=281"},"modified":"2025-01-17T18:47:45","modified_gmt":"2025-01-17T17:47:45","slug":"http-cofac-asso-fr-presentation-et-missions-les-cofac-regionales-cofac-nouvelle-aquitaine-1517665587392-bba65f4b-cc54","status":"publish","type":"page","link":"https:\/\/ajguil.net\/ura\/?page_id=281","title":{"rendered":"A propos&#8230;"},"content":{"rendered":"<p><span style=\"color: #800080;\"><strong><a href=\"https:\/\/my.sendinblue.com\/users\/subscribe\/js_id\/2kpmq\/id\/2\">Pour vous abonner \u00e0 la lettre d&rsquo;information de l&rsquo;Union R\u00e9gionale Aquitaine<\/a>\u00a0<\/strong> \u00a0<\/span>&#8211; \u00a0\u00a0<a href=\"https:\/\/my.sendinblue.com\/users\/unsubscribe\/js_id\/2kpmq\/id\/1\">Pour vous d\u00e9sabonner<\/a><\/p>\n<p>Tout comme nous, vous pouvez utiliser la plateforme Sendinblue pour l&rsquo;envoi de vos informations \u00e0 tous vos contacts qui souhaitent rester inform\u00e9s de vos actions<\/p>\n<p><span style=\"color: #0000ff;\"><a style=\"color: #0000ff;\" href=\"http:\/\/www.fncta.fr\/accueil\/index.php\">\u00a0Pour vous abonner \u00e0 la Newsletter de la FNCTA &#8211; F\u00e9d\u00e9ration Nationale des Compagnies de Th\u00e9\u00e2tre amateur et d&rsquo;Animation<\/a><\/span><\/p>\n<p>T\u00e9l\u00e9charger les logos pour ins\u00e9rer sur <strong>vos affiches, flyers, sites etc.\u00a0 (voir onglet \u00ab\u00a0Nos Ressources\u00a0\u00bb)<\/strong><\/p>\n<p>Le kit de communication du logo est disponible sur demande aupr\u00e8s de la Charg\u00e9e de mission : chargedemission@fncta.fr<\/p>\n<p>Vous pouvez aussi annoncer gratuitement vos manifestations chez<\/p>\n<p><a href=\"https:\/\/www.spectable.com\/articles\/presentation_spectable\">SPECTABLE<\/a>.\u00a0 \u00a0\u00a0 \u00a0\u00a0 \u00a0\u00a0 \u00a0\u00a0<a href=\"https:\/\/www.spectable.com\/articles\/presentation_spectable\" target=\"_blank\" rel=\"noopener noreferrer\"><img decoding=\"async\" src=\"https:\/\/www.spectable.com\/images\/logo.png\" alt=\"spectable.com\" \/><\/a><\/p>\n<p><strong><span style=\"color: #800000;\">D&rsquo;autres r\u00e9gions ou d\u00e9partements<\/span><\/strong><\/p>\n<p style=\"padding-left: 30px;\"><strong><a href=\"http:\/\/www.fnctaidf.fr\">L&rsquo;UNION ILE DE FRANCE &#8211; FNCTA<\/a> <\/strong><\/p>\n<ul>\n<li><strong>vient de renouveler des partenariats avec <span style=\"color: #800000;\">plusieurs th\u00e9\u00e2tres franciliens.<\/span><\/strong><br \/>\nCes partenariats permettent \u00e0<strong> tous les licenci\u00e9s de la FNCTA<\/strong> (Ile-de-France ou non) \u2013 <strong>sur pr\u00e9sentation de leur carte FNCTA<\/strong> \u2013 de b\u00e9n\u00e9ficier de tarifs pr\u00e9f\u00e9rentiels sur les programmes propos\u00e9s. D\u00e9couvrez les avantages pour les th\u00e9\u00e2tres suivants :\u00a0<a href=\"http:\/\/www.fnctaidf.fr\/fncta-union-regionale-ile-de-france\/partenaires\/theatre-du-rond-point\/\">Le Rond-Point<\/a>,\u00a0<a href=\"http:\/\/www.fnctaidf.fr\/fncta-union-regionale-ile-de-france\/partenaires\/theatre-de-la-colline\/\">La Colline<\/a>,\u00a0<a href=\"http:\/\/www.fnctaidf.fr\/fncta-union-regionale-ile-de-france\/partenaires\/theatre-des-quartiers-d-ivry\/\">le th\u00e9\u00e2tre des quartiers d\u2019Ivry<\/a>,\u00a0<a href=\"http:\/\/www.fnctaidf.fr\/fncta-union-regionale-ile-de-france\/partenaires\/theatre-13\/\">le th\u00e9\u00e2tre 13<\/a>,\u00a0<a href=\"http:\/\/www.fnctaidf.fr\/fncta-union-regionale-ile-de-france\/partenaires\/theatre-71\/\">le th\u00e9\u00e2tre 71 Malakoff<\/a>,\u00a0<a href=\"http:\/\/www.fnctaidf.fr\/fncta-union-regionale-ile-de-france\/partenaires\/mc93-bobigny\/\">la MC93 Bobigny<\/a>.<span style=\"font-family: 'Droid Sans', sans-serif; font-size: 20px;\">\u00a0<\/span><\/li>\n<li><span style=\"color: #3366ff;\"><span style=\"color: #2664a3;\"><strong><span style=\"color: #000000;\">vient de n\u00e9gocier avec<\/span> IMPRIMERIE EUROP\u00c9ENNE <\/strong><\/span>:<\/span> avantages consentis <strong><span style=\"color: #800000;\">aux troupes affili\u00e9es FNCTA\u00a0<\/span><\/strong><a href=\"http:\/\/www.fnctaidf.fr\/imprimerie-europeenne-remise-exclusive-fncta\/\"> ===&gt;&gt;Mode d&#8217;emploi<\/a><\/li>\n<\/ul>\n<p style=\"padding-left: 30px;\">Merci \u00e0 l&rsquo;<span style=\"color: #800000;\"><strong><a href=\"http:\/\/www.fnctaidf.fr\">Union Ile de France\u00a0<\/a><\/strong><\/span>pour son action au b\u00e9n\u00e9fice de tous les adh\u00e9rents.<\/p>\n<div class=\"fusion-panel panel-default\"><\/div>\n<p>L&rsquo;Union R\u00e9gionale Aquitaine est FNCTA est adh\u00e9rente \u00e0 la COFAC &#8211; Nouvelle Aquitaine.\u00a0<img loading=\"lazy\" decoding=\"async\" class=\"\" src=\"http:\/\/cofac.asso.fr\/wp-content\/uploads\/2018\/02\/logo-COFAC-Nouvelle-Aquitaine.gif\" alt=\"logo-COFAC-Nouvelle-Aquitaine\" width=\"110\" height=\"86\" \/><\/p>\n<div class=\"fusion-panel panel-default\" style=\"text-align: left;\">\n<hr \/>\n<p><strong>Union R\u00e9gionale Aquitaine de la FNCTA\u00a0(F\u00e9d\u00e9ration Nationale des Compagnies de Th\u00e9\u00e2tre amateur et d&rsquo;Animation)<\/strong><br \/>\nSi\u00e8ge social : 45 hameau de la Laurence &#8211; 33370 POMPIGNAC<br \/>\nT\u00e9l. 0611753651 \u00a0&#8211; \u00a0 email aquitaine@fncta.fr &#8211; site http:\/\/aquitaine.fncta.fr<br \/>\nPr\u00e9sidente : Josiane Guillaume &#8211; Secr\u00e9taire : Corinne Yvars, Tr\u00e9sorier : Jean-Pierre Baliros<br \/>\nAdministrateurs : Alain Guillaume<\/p>\n<p><em>Ce site est h\u00e9berg\u00e9 gracieusement par ajguil.net chez OVH &#8211; SAS au capital de 10 000 000 \u20ac RCS Roubaix \u2013 Tourcoing 424 761 419 00045<\/em><br \/>\n<em>Code APE 6202A &#8211; N\u00b0 TVA : FR 22 424 761 419 &#8211; Si\u00e8ge social : 2 rue Kellermann 59100 Roubaix &#8211; France.<\/em><br \/>\n<em>http:\/\/www.ovh.com<\/em><\/p>\n<p><strong>\u00a92024-Union R\u00e9gionale Aquitaine &#8211; FNCTA<\/strong><\/p>\n<\/div>\n","protected":false},"excerpt":{"rendered":"<p>Pour vous abonner \u00e0 la lettre d&rsquo;information de l&rsquo;Union R\u00e9gionale Aquitaine\u00a0 \u00a0&#8211; \u00a0\u00a0Pour vous d\u00e9sabonner <a class=\"more-link\" href=\"https:\/\/ajguil.net\/ura\/?page_id=281\">[&#8230;]<\/a><\/p>\n","protected":false},"author":2,"featured_media":0,"parent":0,"menu_order":0,"comment_status":"closed","ping_status":"closed","template":"","meta":{"footnotes":""},"class_list":["post-281","page","type-page","status-publish","hentry"],"_links":{"self":[{"href":"https:\/\/ajguil.net\/ura\/index.php?rest_route=\/wp\/v2\/pages\/281","targetHints":{"allow":["GET"]}}],"collection":[{"href":"https:\/\/ajguil.net\/ura\/index.php?rest_route=\/wp\/v2\/pages"}],"about":[{"href":"https:\/\/ajguil.net\/ura\/index.php?rest_route=\/wp\/v2\/types\/page"}],"author":[{"embeddable":true,"href":"https:\/\/ajguil.net\/ura\/index.php?rest_route=\/wp\/v2\/users\/2"}],"replies":[{"embeddable":true,"href":"https:\/\/ajguil.net\/ura\/index.php?rest_route=%2Fwp%2Fv2%2Fcomments&post=281"}],"version-history":[{"count":29,"href":"https:\/\/ajguil.net\/ura\/index.php?rest_route=\/wp\/v2\/pages\/281\/revisions"}],"predecessor-version":[{"id":3640,"href":"https:\/\/ajguil.net\/ura\/index.php?rest_route=\/wp\/v2\/pages\/281\/revisions\/3640"}],"wp:attachment":[{"href":"https:\/\/ajguil.net\/ura\/index.php?rest_route=%2Fwp%2Fv2%2Fmedia&parent=281"}],"curies":[{"name":"wp","href":"https:\/\/api.w.org\/{rel}","templated":true}]}}